mber?
True
Is 13465 a composite number?
True
Is 8923 composite?
False
Is 532141 a composite number?
False
Is 604673 a composite number?
True
Is 586213 a prime number?
True
Is 771427 a composite number?
False
Is 1155859 composite?
False
Is 2418257 prime?
True
Is 465209 prime?
True
Is 22247 composite?
False
Is 138239 composite?
False
Is 179183 composite?
True
Is 2909789 a composite number?
False
Is 424451 composite?
False
Is 470021 a prime number?
True
Is 50837 prime?
False
Is 57083 a composite number?
True
Is 65239 a composite number?
False
Is 30863 composite?
True
Is 180413 composite?
False
Is 161497 a prime number?
False
Is 1674097 a composite number?
True
Is 57881 a composite number?
False
Is 13537 prime?
True
Is 953 a prime number?
True
Is 1053029 a prime number?
True
Is 166087 a prime number?
False
Is 2179 composite?
False
Is 3053 a composite number?
True
Is 3019465 composite?
True
Is 676099 a composite number?
False
Is 389357 prime?
True
Is 300971 composite?
True
Is 596389 a prime number?
False
Is 55847 a composite number?
True
Is 5807 composite?
False
Is 391907 prime?
True
Is 437387 composite?
False
Is 141823 composite?
True
Is 34663 composite?
True
Is 937 a prime number?
True
Is 1865 prime?
False
Is 64587 prime?
False
Is 16217 a composite number?
False
Is 3827 composite?
True
Is 3433 a prime number?
True
Is 275203 a composite number?
True
Is 6891 composite?
True
Is 5623 a composite number?
False
Is 11213 a composite number?
False
Is 9481 a composite number?
True
Is 12655 composite?
True
Is 59771 a prime number?
True
Is 127001 a composite number?
True
Is 7251 prime?
False
Is 121843 composite?
False
Is 151267 a composite number?
True
Is 61811 a composite number?
True
Is 24239 prime?
True
Is 239201 prime?
True
Is 94747 a prime number?
True
Is 2425523 composite?
False
Is 463699 prime?
False
Is 147759 a prime number?
False
Is 153635 a prime number?
False
Is 5904895 a composite number?
True
Is 19967 a composite number?
True
Is 74149 a composite number?
False
Is 4337 composite?
False
Is 22519 a prime number?
False
Is 16079 composite?
True
Is 253531 a composite number?
False
Is 35831 composite?
False
Is 336307 a prime number?
True
Is 258653 prime?
False
Is 22787 a composite number?
False
Is 510001 composite?
True
Is 28019 composite?
False
Is 249877 prime?
False
Is 72041 a composite number?
True
Is 334595 a prime number?
False
Is 82649 prime?
False
Is 2402 composite?
True
Is 31937 composite?
True
Is 4481 prime?
True
Is 188351 a composite number?
False
Is 122127 a composite number?
True
Is 15545 prime?
False
Is 245774 prime?
False
Is 114329 prime?
True
Is 357229 composite?
False
Is 3327901 composite?
False
Is 146451 prime?
False
Is 54699 composite?
True
Is 143473 prime?
False
Is 132513 a composite number?
True
Is 7499 a prime number?
True
Is 115033 a prime number?
False
Is 386713 composite?
False
Is 3979895 a composite number?
True
Is 791531 a prime number?
False
Is 45739 a composite number?
True
Is 92623 composite?
False
Is 139267 composite?
False
Is 8795 composite?
True
Is 6581 a composite number?
False
Is 404809 a composite number?
True
Is 32539 prime?
False
Is 467 composite?
False
Is 487 composite?
False
Is 1240607 a composite number?
False
Is 20281 composite?
True
Is 2767 a prime number?
True
Is 185511 prime?
False
Is 11863 prime?
True
Is 82081 prime?
False
Is 1367 prime?
True
Is 84947 a composite number?
False
Is 1777 prime?
True
Is 34603 composite?
False
Is 202441 a prime number?
True
Is 826651 prime?
False
Is 1374889 a prime number?
False
Is 2453 a prime number?
False
Is 1267849 a composite number?
True
Is 11677 prime?
True
Is 11311 a composite number?
False
Is 1509929 a composite number?
False
Is 13945 a composite number?
True
Is 825989 composite?
True
Is 108349 a composite number?
True
Is 47189 a prime number?
True
Is 1782821 a prime number?
False
Is 7669 a prime number?
True
Is 930983 prime?
False
Is 73417 a composite number?
False
Is 8653 composite?
True
Is 464098 prime?
False
Is 421133 a prime number?
True
Is 861638 prime?
False
Is 201377 a composite number?
True
Is 78567 a composite number?
True
Is 147749 a prime number?
False
Is 3433943 prime?
True
Is 410759 a composite number?
False
Is 3459 a composite number?
True
Is 25667 a composite number?
False
Is 206993 prime?
True
Is 88909 prime?
False
Is 4741 a composite number?
True
Is 14941 composite?
True
Is 72211 composite?
False
Is 307 a prime number?
True
Is 1522303 prime?
False
Is 34283 a prime number?
True
Is 4663 composite?
False
Is 46399 a composite number?
False
Is 1002851 a prime number?
True
Is 8329 prime?
True
Is 90419 a prime number?
False
Is 463003 a composite number?
False
Is 4637 a prime number?
True
Is 1612547 a composite number?
True
Is 81623 a prime number?
False
Is 673 composite?
False
Is 77 composite?
True
Is 1229 prime?
True
Is 582457 a composite number?
False
Is 1765 prime?
False
Is 27673 a composite number?
False
Is 248137 a prime number?
True
Is 1361 prime?
True
Is 181361 a composite number?
False
Is 10513 prime?
True
Is 91673 a composite number?
False
Is 58537 a composite number?
False
Is 970747 a composite number?
False
Is 217159 prime?
False
Is 3254879 a composite number?
True
Is 31919 composite?
True
Is 5167 prime?
True
Is 94477 a prime number?
True
Is 89458 prime?
False
Is 26303 a prime number?
False
Is 870731 a prime number?
True
Is 1809287 prime?
True
Is 424139 prime?
True
Is 310927 a composite number?
False
Is 872429 a composite number?
False
Is 13019 prime?
False
Is 421667 composite?
True
Is 35857 composite?
True
Is 11311 a prime number?
True
Is 9091 a prime number?
True
Is 310681 prime?
False
Is 239231 composite?
False
Is 2179 a composite number?
False
Is 33257 composite?
True
Is 293767 prime?
True
Is 79133 prime?
True
Is 98369 a prime number?
True
Is 962693 a prime number?
False
Is 11351 a composite number?
False
Is 48553 composite?
True
Is 1757 a composite number?
True
Is 985533 a composite number?
True
Is 22769 prime?
True
Is 1538389 a prime number?
True
Is 194009 a prime number?
False
Is 1761 prime?
False
Is 3274 composite?
True
Is 5221 a prime number?
False
Is 617797 prime?
False
Is 174358 composite?
True
Is 7435 a composite number?
True
Is 2047127 composite?
True
Is 552989 prime?
False
Is 31677 a prime number?
False
Is 311 composite?
False
Is 38111 prime?
False
Is 3691 composite?
False
Is 1217 a composite number?
False
Is 19961 composite?
False
Is 170727 composite?
True
Is 25811 a composite number?
True
Is 212573 prime?
True
Is 6047 a prime number?
True
Is 198269 a prime number?
False
Is 58271 a prime number?
True
Is 4000747 prime?
True
Is 441593 prime?
False
Is 137077 prime?
True
Is 352694 composite?
True
Is 39859 prime?
False
Is 24407 prime?
True
Is 75503 a prime number?
True
Is 3587 prime?
False
Is 47407 a prime number?
True
Is 680489 a prime number?
True
Is 2249 composite?
True
Is 127289 composite?
False
Is 161131 prime?
False
Is 5033 composite?
True
Is 391441 a prime number?
True
Is 1657 composite?
False
Is 8981 composite?
True
Is 9413 prime?
True
Is 3643 composite?
False
Is 28529 a prime number?
False
Is 4189 a prime number?
False
Is 8531 composite?
True
Is 1068403 a prime number?
False
Is 824393 prime?
True
Is 73217 a composite number?
True
Is 93349 a prime number?
False
Is 663683 prime?
True
Is 112889 prime?
False
Is 16265 a composite number?
True
Is 57173 a prime number?
True
Is 400573 a composite number?
True
Is 247183 a prime number?
True
Is 52051 a composite number?
False
Is 2778689 composite?
False
Is 359 a prime number?
True
Is 202441 prime?
True
Is 9493 a composite number?
True
Is 11631 a composite number?
True
Is 1012403 a prime number?
False
Is 80843 a prime number?
False
Is 1373 prime?
True
Is 30431 composite?
False
Is 26141 prime?
True
Is 35767 a composite number?
True
Is 10673 prime?
False
Is 61637 prime?
True
Is 374087 composite?
True
Is 90089 a prime number?
True
Is 4049 a prime number?
True
Is 1040803 composite?
False
Is 37847 a composite number?
False
Is 6503 prime?
False
Is 89 prime?
True
Is 4409 prime?
True
Is 9377 prime?
True
Is 347 a composite number?
False
Is 514981 composite?
True
Is 10781 prime?
True
Is 5261 a composite number?
False
Is 13479 a composite number?
True
Is 12433 a composite number?
False
Is 61562 c